{"id":1098,"date":"2025-04-03T11:08:20","date_gmt":"2025-04-03T14:08:20","guid":{"rendered":"https:\/\/hobbyister.com.br\/?post_type=product&#038;p=1098"},"modified":"2025-06-05T09:04:30","modified_gmt":"2025-06-05T12:04:30","slug":"ferramenta-de-remocao-espelho-e-lente-para-corte-a-laser","status":"publish","type":"product","link":"https:\/\/hobbyister.com.br\/index2.php\/product\/ferramenta-de-remocao-espelho-e-lente-para-corte-a-laser\/","title":{"rendered":"Ferramenta de remo\u00e7\u00e3o espelho e lente para corte a laser"},"content":{"rendered":"<p>Remove e coloca os 3 Espelhos dos suportes de Repeti\u00e7\u00e3o<\/p>\n<p>Remove e coloca a Porca Anel de suporte da Lente<\/p>\n","protected":false},"excerpt":{"rendered":"<p>Ferramenta de remo\u00e7\u00e3o espelho e lente para corte a laser<\/p>\n","protected":false},"featured_media":1112,"comment_status":"open","ping_status":"closed","template":"","meta":[],"product_brand":[],"product_cat":[61],"product_tag":[68,75,69],"class_list":{"0":"post-1098","1":"product","2":"type-product","3":"status-publish","4":"has-post-thumbnail","6":"product_cat-laser","7":"product_tag-corte-a-laser","8":"product_tag-ferramenta","9":"product_tag-maquina-laser-diy","11":"first","12":"outofstock","13":"shipping-taxable","14":"purchasable","15":"product-type-simple"},"_links":{"self":[{"href":"https:\/\/hobbyister.com.br\/index2.php\/wp-json\/wp\/v2\/product\/1098","targetHints":{"allow":["GET"]}}],"collection":[{"href":"https:\/\/hobbyister.com.br\/index2.php\/wp-json\/wp\/v2\/product"}],"about":[{"href":"https:\/\/hobbyister.com.br\/index2.php\/wp-json\/wp\/v2\/types\/product"}],"replies":[{"embeddable":true,"href":"https:\/\/hobbyister.com.br\/index2.php\/wp-json\/wp\/v2\/comments?post=1098"}],"wp:featuredmedia":[{"embeddable":true,"href":"https:\/\/hobbyister.com.br\/index2.php\/wp-json\/wp\/v2\/media\/1112"}],"wp:attachment":[{"href":"https:\/\/hobbyister.com.br\/index2.php\/wp-json\/wp\/v2\/media?parent=1098"}],"wp:term":[{"taxonomy":"product_brand","embeddable":true,"href":"https:\/\/hobbyister.com.br\/index2.php\/wp-json\/wp\/v2\/product_brand?post=1098"},{"taxonomy":"product_cat","embeddable":true,"href":"https:\/\/hobbyister.com.br\/index2.php\/wp-json\/wp\/v2\/product_cat?post=1098"},{"taxonomy":"product_tag","embeddable":true,"href":"https:\/\/hobbyister.com.br\/index2.php\/wp-json\/wp\/v2\/product_tag?post=1098"}],"curies":[{"name":"wp","href":"https:\/\/api.w.org\/{rel}","templated":true}]}}