{"id":1050,"date":"2025-04-03T10:03:07","date_gmt":"2025-04-03T13:03:07","guid":{"rendered":"https:\/\/hobbyister.com.br\/?post_type=product&#038;p=1050"},"modified":"2025-06-05T09:04:30","modified_gmt":"2025-06-05T12:04:30","slug":"suporte-de-tubo-laser-50-80mm-para-maquina-de-corte-e-gravacao-a-laser-50-180w","status":"publish","type":"product","link":"https:\/\/hobbyister.com.br\/index2.php\/product\/suporte-de-tubo-laser-50-80mm-para-maquina-de-corte-e-gravacao-a-laser-50-180w\/","title":{"rendered":"(Par) Suporte de tubo laser 50-80mm para m\u00e1quina de corte e grava\u00e7\u00e3o a laser 50-180W"},"content":{"rendered":"<p><strong data-spm-anchor-id=\"a2g0o.detail.1000023.i0.55bczCAazCAalx\">Suporte de tubo laser Suporte de pl\u00e1stico flex\u00edvel 50-80mm para m\u00e1quina de corte e grava\u00e7\u00e3o a laser 50-180W<\/strong><\/p>\n<p>Feito em pl\u00e1stico<\/p>\n<p>Fura\u00e7\u00e3o padr\u00e3o<\/p>\n<p>Valor referente ao pas (2p\u00e7s)<\/p>\n","protected":false},"excerpt":{"rendered":"<p>Suporte de tubo laser Suporte de pl\u00e1stico flex\u00edvel 50-80mm para m\u00e1quina de corte e grava\u00e7\u00e3o a laser 50-180W<\/p>\n<p>&nbsp;<\/p>\n","protected":false},"featured_media":1078,"comment_status":"open","ping_status":"closed","template":"","meta":[],"product_brand":[],"product_cat":[61],"product_tag":[],"class_list":{"0":"post-1050","1":"product","2":"type-product","3":"status-publish","4":"has-post-thumbnail","6":"product_cat-laser","8":"first","9":"instock","10":"sale","11":"shipping-taxable","12":"purchasable","13":"product-type-simple"},"_links":{"self":[{"href":"https:\/\/hobbyister.com.br\/index2.php\/wp-json\/wp\/v2\/product\/1050","targetHints":{"allow":["GET"]}}],"collection":[{"href":"https:\/\/hobbyister.com.br\/index2.php\/wp-json\/wp\/v2\/product"}],"about":[{"href":"https:\/\/hobbyister.com.br\/index2.php\/wp-json\/wp\/v2\/types\/product"}],"replies":[{"embeddable":true,"href":"https:\/\/hobbyister.com.br\/index2.php\/wp-json\/wp\/v2\/comments?post=1050"}],"wp:featuredmedia":[{"embeddable":true,"href":"https:\/\/hobbyister.com.br\/index2.php\/wp-json\/wp\/v2\/media\/1078"}],"wp:attachment":[{"href":"https:\/\/hobbyister.com.br\/index2.php\/wp-json\/wp\/v2\/media?parent=1050"}],"wp:term":[{"taxonomy":"product_brand","embeddable":true,"href":"https:\/\/hobbyister.com.br\/index2.php\/wp-json\/wp\/v2\/product_brand?post=1050"},{"taxonomy":"product_cat","embeddable":true,"href":"https:\/\/hobbyister.com.br\/index2.php\/wp-json\/wp\/v2\/product_cat?post=1050"},{"taxonomy":"product_tag","embeddable":true,"href":"https:\/\/hobbyister.com.br\/index2.php\/wp-json\/wp\/v2\/product_tag?post=1050"}],"curies":[{"name":"wp","href":"https:\/\/api.w.org\/{rel}","templated":true}]}}